{"id":7613,"date":"2024-09-03T20:20:58","date_gmt":"2024-09-03T19:20:58","guid":{"rendered":"https:\/\/www.gesund24h.de\/blog\/?post_type=ufaq&#038;p=7613"},"modified":"2024-09-03T20:20:58","modified_gmt":"2024-09-03T19:20:58","slug":"saeureschutzmantel","status":"publish","type":"ufaq","link":"https:\/\/www.gesund24h.de\/blog\/ufaq\/saeureschutzmantel","title":{"rendered":"S\u00e4ureschutzmantel"},"content":{"rendered":"<div  class=\"ewd-ufaq-faq-list ewd-ufaq-page-type-load_more ewd-ufaq-category-tabs- ewd-ufaq-faq-category-title-accordion\" id='ewd-ufaq-faq-list'>\n\n\t<input type='hidden' name='show_on_load' value='' id='ewd-ufaq-show-on-load' \/>\n<input type='hidden' name='include_category' value='' id='ewd-ufaq-include-category' \/>\n<input type='hidden' name='exclude_category' value='' id='ewd-ufaq-exclude-category' \/>\n<input type='hidden' name='orderby' value='title' id='ewd-ufaq-orderby' \/>\n<input type='hidden' name='order' value='asc' id='ewd-ufaq-order' \/>\n<input type='hidden' name='post_count' value='-1' id='ewd-ufaq-post-count' \/>\n<input type='hidden' name='current_url' value='\/blog\/wp-json\/wp\/v2\/ufaq\/7613' id='ewd-ufaq-current-url' \/>\n\t\n\t\n\t<div class='ewd-ufaq-faqs'>\n\n\t\t<div  class=\"ewd-ufaq-faq-div ewd-ufaq-faq-column-count-two ewd-ufaq-faq-responsive-columns-1 ewd-ufaq-faq-display-style-contemporary ewd-ufaq-can-be-toggled\" id='ewd-ufaq-post-7613-xvKWoUS6jr' data-post_id='7613'>\n\n\t\t\n\t<div class='ewd-ufaq-faq-title ewd-ufaq-faq-toggle'>\n\t\n\t<a class='ewd-ufaq-post-margin'  href='#' role=\"button\">\n\n\t\t<div class='ewd-ufaq-post-margin-symbol ewd-ufaq-'>\n\t\t\t<span >A<\/span>\n\t\t<\/div>\n\n\t\t<div class='ewd-ufaq-faq-title-text'>\n\n\t\t\t<h5>\n\t\t\t\tS\u00e4ureschutzmantel\t\t\t<\/h5>\n\n\t\t<\/div>\n\n\t\t<div class='ewd-ufaq-clear'><\/div>\n\n\t<\/a>\n\t\n<\/div>\n\t\n\t<div class='ewd-ufaq-faq-body' >\n\n\t\t\n\t\t\t\n\t\t\n\t\t\t<div class='ewd-ufaq-post-margin ewd-ufaq-faq-post'>\n\t<p>Als S\u00e4ureschutzmantel wird eine spezielle Funktion und Eigenschaft der menschlichen Haut, in erster Linie der Epidermis, bezeichnet, welche ein wesentlicher Bestandteil der nat\u00fcrlichen Abwehrkr\u00e4fte des Menschen darstellt. Der S\u00e4ureschutzmantel stellt grunds\u00e4tzlich sicher, dass auf der Haut befindliche Krankheitserreger nicht \u00fcber die Hautporen in den K\u00f6rper eindringen k\u00f6nnen, indem diese Keime durch bestimmte Ausscheidungen der Hautdr\u00fcsen abget\u00f6tet werden. Diese Ausscheidungen regulieren den pH-Wert der Epidermis, welcher sich bei einem optimalen Gesundheitszustand der Haut zwischen 4 und 7 bewegt. F\u00fcr die meisten Keime ist dieser pH-Wert eindeutig zu sauer und die \u00dcberlebensf\u00e4higkeit der Krankheitserreger auf der Haut reduziert sich gravierend.<\/p>\n<div id=\"lexDescription\">\n<h2>Was, wenn der S\u00e4ureschutzmantel aus dem Gleichgewicht kommt?<\/h2>\n<p>Unter bestimmten Umst\u00e4nden kann es zu einer gravierenden Ver\u00e4nderung des pH-Werts des S\u00e4ureschutzmantels kommen, wie beispielsweise durch verschiedene Hautkrankheiten, durch den Einsatz ungesunder Pflegeprodukte oder auch durch St\u00f6rungen der Hautdr\u00fcsen und des Stoffwechsels, wodurch die Erreger auf der Haut nicht mehr in dem erforderlichen Ma\u00df abget\u00f6tet werden. Das Resultat aus diesem Umstand stellt ein erh\u00f6htes Auftreten von Infektionskrankheiten dar, da das Immunsystem des Betroffenen mit den \u00fcber die Haut eingedrungenen Krankheitserregern nicht klarkommt. Das Immunsystem wird durch die hohe Anzahl der Erreger, welche durch den gest\u00f6rten S\u00e4ureschutzmantel pl\u00f6tzlich in den K\u00f6rper eindringen k\u00f6nnen, erheblich \u00fcberfordert, wodurch auch die Anf\u00e4lligkeit auf Infektionen steigt.<\/p>\n<\/div>\n<\/div>\n\t\t\n\t\t\t\n\t\t\n\t\t\t<div class='ewd-ufaq-faq-custom-fields'>\n\n\t\n<\/div>\n\t\t\n\t\t\t\n\t\t\n\t\t\t\n\t\t\n\t\t\t\n\t\t\n\t\t\t\n\t\t\n\t\t\t\n\t\t\n\t\t\t\n\t\t\n\t<\/div>\n\n<\/div>\n\t<\/div>\n\n\t\n<\/div>","protected":false},"excerpt":{"rendered":"<p>A S\u00e4ureschutzmantel Als S\u00e4ureschutzmantel wird eine spezielle Funktion und Eigenschaft der menschlichen Haut, in erster Linie der Epidermis, bezeichnet, welche ein wesentlicher Bestandteil der nat\u00fcrlichen Abwehrkr\u00e4fte des Menschen darstellt. Der S\u00e4ureschutzmantel stellt grunds\u00e4tzlich sicher, dass auf der Haut befindliche Krankheitserreger<\/p>\n","protected":false},"author":1,"featured_media":0,"comment_status":"open","ping_status":"closed","template":"","ufaq-category":[1437],"ufaq-tag":[],"class_list":["post-7613","ufaq","type-ufaq","status-publish","hentry","ufaq-category-s"],"aioseo_notices":[],"_links":{"self":[{"href":"https:\/\/www.gesund24h.de\/blog\/wp-json\/wp\/v2\/ufaq\/7613","targetHints":{"allow":["GET"]}}],"collection":[{"href":"https:\/\/www.gesund24h.de\/blog\/wp-json\/wp\/v2\/ufaq"}],"about":[{"href":"https:\/\/www.gesund24h.de\/blog\/wp-json\/wp\/v2\/types\/ufaq"}],"author":[{"embeddable":true,"href":"https:\/\/www.gesund24h.de\/blog\/wp-json\/wp\/v2\/users\/1"}],"replies":[{"embeddable":true,"href":"https:\/\/www.gesund24h.de\/blog\/wp-json\/wp\/v2\/comments?post=7613"}],"wp:attachment":[{"href":"https:\/\/www.gesund24h.de\/blog\/wp-json\/wp\/v2\/media?parent=7613"}],"wp:term":[{"taxonomy":"ufaq-category","embeddable":true,"href":"https:\/\/www.gesund24h.de\/blog\/wp-json\/wp\/v2\/ufaq-category?post=7613"},{"taxonomy":"ufaq-tag","embeddable":true,"href":"https:\/\/www.gesund24h.de\/blog\/wp-json\/wp\/v2\/ufaq-tag?post=7613"}],"curies":[{"name":"wp","href":"https:\/\/api.w.org\/{rel}","templated":true}]}}

Säureschutzmantel

<div  class="ewd-ufaq-faq-list ewd-ufaq-page-type-load_more ewd-ufaq-category-tabs- ewd-ufaq-faq-category-title-accordion" id='ewd-ufaq-faq-list'>

	<input type='hidden' name='show_on_load' value='' id='ewd-ufaq-show-on-load' />
<input type='hidden' name='include_category' value='' id='ewd-ufaq-include-category' />
<input type='hidden' name='exclude_category' value='' id='ewd-ufaq-exclude-category' />
<input type='hidden' name='orderby' value='title' id='ewd-ufaq-orderby' />
<input type='hidden' name='order' value='asc' id='ewd-ufaq-order' />
<input type='hidden' name='post_count' value='-1' id='ewd-ufaq-post-count' />
<input type='hidden' name='current_url' value='/blog/wp-json/wp/v2/ufaq/7613' id='ewd-ufaq-current-url' />
	
	
	<div class='ewd-ufaq-faqs'>

		<div  class="ewd-ufaq-faq-div ewd-ufaq-faq-column-count-two ewd-ufaq-faq-responsive-columns-1 ewd-ufaq-faq-display-style-contemporary ewd-ufaq-can-be-toggled" id='ewd-ufaq-post-7613-xvKWoUS6jr' data-post_id='7613'>

		
	<div class='ewd-ufaq-faq-title ewd-ufaq-faq-toggle'>
	
	<a class='ewd-ufaq-post-margin'  href='#' role="button">

		<div class='ewd-ufaq-post-margin-symbol ewd-ufaq-'>
			<span >A</span>
		</div>

		<div class='ewd-ufaq-faq-title-text'>

			<h5>
				Säureschutzmantel			</h5>

		</div>

		<div class='ewd-ufaq-clear'></div>

	</a>
	
</div>
	
	<div class='ewd-ufaq-faq-body' >

		
			
		
			<div class='ewd-ufaq-post-margin ewd-ufaq-faq-post'>
	<p>Als Säureschutzmantel wird eine spezielle Funktion und Eigenschaft der menschlichen Haut, in erster Linie der Epidermis, bezeichnet, welche ein wesentlicher Bestandteil der natürlichen Abwehrkräfte des Menschen darstellt. Der Säureschutzmantel stellt grundsätzlich sicher, dass auf der Haut befindliche Krankheitserreger nicht über die Hautporen in den Körper eindringen können, indem diese Keime durch bestimmte Ausscheidungen der Hautdrüsen abgetötet werden. Diese Ausscheidungen regulieren den pH-Wert der Epidermis, welcher sich bei einem optimalen Gesundheitszustand der Haut zwischen 4 und 7 bewegt. Für die meisten Keime ist dieser pH-Wert eindeutig zu sauer und die Überlebensfähigkeit der Krankheitserreger auf der Haut reduziert sich gravierend.</p>
<div id="lexDescription">
<h2>Was, wenn der Säureschutzmantel aus dem Gleichgewicht kommt?</h2>
<p>Unter bestimmten Umständen kann es zu einer gravierenden Veränderung des pH-Werts des Säureschutzmantels kommen, wie beispielsweise durch verschiedene Hautkrankheiten, durch den Einsatz ungesunder Pflegeprodukte oder auch durch Störungen der Hautdrüsen und des Stoffwechsels, wodurch die Erreger auf der Haut nicht mehr in dem erforderlichen Maß abgetötet werden. Das Resultat aus diesem Umstand stellt ein erhöhtes Auftreten von Infektionskrankheiten dar, da das Immunsystem des Betroffenen mit den über die Haut eingedrungenen Krankheitserregern nicht klarkommt. Das Immunsystem wird durch die hohe Anzahl der Erreger, welche durch den gestörten Säureschutzmantel plötzlich in den Körper eindringen können, erheblich überfordert, wodurch auch die Anfälligkeit auf Infektionen steigt.</p>
</div>
</div>
		
			
		
			<div class='ewd-ufaq-faq-custom-fields'>

	
</div>
		
			
		
			
		
			
		
			
		
			
		
			
		
	</div>

</div>
	</div>

	
</div>

<p>A Säureschutzmantel Als Säureschutzmantel wird eine spezielle Funktion und Eigenschaft der menschlichen Haut, in erster Linie der Epidermis, bezeichnet, welche ein wesentlicher Bestandteil der natürlichen Abwehrkräfte des Menschen darstellt. Der Säureschutzmantel stellt grundsätzlich sicher, dass auf der Haut befindliche Krankheitserreger</p>
